{"id":69,"date":"2015-07-06T22:19:40","date_gmt":"2015-07-06T22:19:40","guid":{"rendered":"http:\/\/fsil.fi\/fybil\/?page_id=69"},"modified":"2015-07-06T22:19:40","modified_gmt":"2015-07-06T22:19:40","slug":"volume-16","status":"publish","type":"page","link":"http:\/\/fsil.fi\/fybil\/volume-16\/","title":{"rendered":"Volume 16 (2005)"},"content":{"rendered":"<div class=\"entry-content\">\n<h3>Symposium: National Implementation of the Rome Statute of the International Criminal Court<\/h3>\n<p>Foreword | 3<\/p>\n<p><strong>Matthias Goldmann<\/strong><br \/>\nImplementing the Rome Statute in Europe: From Sovereign Distinction to Convergence in International Criminal Law? | 5<\/p>\n<p><strong>Mirela Shuteriqi<\/strong><br \/>\nImplementation of the Rome Statute in Albania | 31<\/p>\n<p><strong>Magdalena Forowicz<\/strong><br \/>\nImplementation of the Rome Statute in Belgium | 55<\/p>\n<p><strong>Rain Liivoja, Ren\u00e9 V\u00e4rk and Merri Kastem\u00e4e<\/strong><br \/>\nImplementation of the Rome Statute in Estonia | 79<\/p>\n<p><strong>Jussi Ohisalo<\/strong><br \/>\nImplementation of the Rome Statute in Finland | 103<\/p>\n<p><strong>Martin He\u00df, Nandor Knust and Christine Schuon<\/strong><br \/>\nImplementation of the Rome Statute in Germany | 133<\/p>\n<p><strong>Paola Sacchi and Silvia Borelli<\/strong><br \/>\nImplementation of the Rome Statute in Italy | 163<\/p>\n<p><strong>Sergey Vasiliev and Anna Ogorodova<\/strong><br \/>\nImplementation of the Rome Statute in Russia | 197<\/p>\n<p><strong>Simon P. Olleson and Matthew R. Brubacher<\/strong><br \/>\nImplementation of the Rome Statute in the United Kingdom | 235<\/p>\n<h3>Articles<\/h3>\n<p><strong>Tobias Br\u00e4utigam<\/strong><br \/>\nComparative Law and the US Supreme Court: <em>Roper v. Simmons<\/em> and the Quest for Theory | 261<\/p>\n<p><strong>Linda Johanna Friman<\/strong><br \/>\nWar and Peace in Outer Space: A Review of the Legality of the Weaponization of Outer Space in the Light of the Prohibition on Non-Peaceful Purposes | 285<\/p>\n<p><strong>Jan Klabbers<\/strong><br \/>\nReflections on Soft International Law in a Privatized World | 313<\/p>\n<p><strong>James O\u2019Connor<\/strong><br \/>\nUS Neoconservatism and the Rule of Radical Occasionalism \u2013 Carl Schmitt\u2019s War on Terror? | 329<\/p>\n<p><strong>Aurel Sari<\/strong><br \/>\nThe Danish Cartoons Row: Re-Drawing the Limits of the Right to Freedom of Expression? | 365<\/p>\n<h3>Book Reviews &amp; Review Articles<\/h3>\n<p>Jack L. Goldsmith and Eric A. Posner, The Limits of International Law (<strong>Jan Klabbers<\/strong>) | 401<\/p>\n<p>Deborah Z. Cass, The Constitutionalization of the World Trade Organization. Legitimacy, Democracy, and Community in the International Trading System (<strong>Kati Kulovesi<\/strong>) | 407<\/p>\n<p>China Mi\u00e9ville, Between Equal Rights: A Marxist Theory of International Law (<strong>Anne Orford<\/strong>) | 416<\/p>\n<p>Mar\u00eda Jos\u00e9 Falc\u00f3n y Tella (ed.), Anuario Derechos Humanos. Nueva \u00c9poca. Vols 3 and 4 (<strong>M\u00f3nica Garc\u00eda-Salmones<\/strong>) | 428<\/p>\n<h3>New Finnish Doctoral Dissertations in International Law<\/h3>\n<p><strong>Pamela Slotte<\/strong><br \/>\nM\u00e4nskliga r\u00e4ttigheter, moral och religion \u2013 Om de m\u00e4nskliga r\u00e4ttigheterna som moraliskt och juridiskt begrepp i en pluralistisk v\u00e4rld [Human Rights, Morality and Religion \u2013 On Human Rights as a Moral and Legal Concept in a Pluralistic World] (English Summary of the Doctoral Dissertation defended 5 December 2005) | 438<\/p>\n<p>Statement by <strong>Lars \u00d8stnor<\/strong> | 450<\/p>\n<p><strong>P\u00e4ivi Gynther<\/strong><br \/>\nFrom Utopia to Quintessence: Education Law from the Viewpoint of Roma and Skills Deficiency (English Summary of the Doctoral Dissertation defended 1 September 2006) | 453<\/p>\n<p>Statement by <strong>Manfred Nowak<\/strong> | 464<\/p>\n<\/div>\n","protected":false},"excerpt":{"rendered":"<p>Symposium: National Implementation of the Rome Statute of the International Criminal Court Foreword | 3 Matthias Goldmann Implementing the Rome Statute in Europe: From Sovereign Distinction to Convergence in International Criminal Law? | 5 Mirela Shuteriqi Implementation of the Rome Statute in Albania | 31 Magdalena Forowicz Implementation of the Rome Statute in Belgium | &hellip; <a href=\"http:\/\/fsil.fi\/fybil\/volume-16\/\" class=\"more-link\">Continue reading<span class=\"screen-reader-text\"> &#8220;Volume 16 (2005)&#8221;<\/span><\/a><\/p>\n","protected":false},"author":3,"featured_media":0,"parent":0,"menu_order":0,"comment_status":"closed","ping_status":"open","template":"","meta":{"footnotes":""},"class_list":["post-69","page","type-page","status-publish","hentry"],"_links":{"self":[{"href":"http:\/\/fsil.fi\/fybil\/wp-json\/wp\/v2\/pages\/69","targetHints":{"allow":["GET"]}}],"collection":[{"href":"http:\/\/fsil.fi\/fybil\/wp-json\/wp\/v2\/pages"}],"about":[{"href":"http:\/\/fsil.fi\/fybil\/wp-json\/wp\/v2\/types\/page"}],"author":[{"embeddable":true,"href":"http:\/\/fsil.fi\/fybil\/wp-json\/wp\/v2\/users\/3"}],"replies":[{"embeddable":true,"href":"http:\/\/fsil.fi\/fybil\/wp-json\/wp\/v2\/comments?post=69"}],"version-history":[{"count":0,"href":"http:\/\/fsil.fi\/fybil\/wp-json\/wp\/v2\/pages\/69\/revisions"}],"wp:attachment":[{"href":"http:\/\/fsil.fi\/fybil\/wp-json\/wp\/v2\/media?parent=69"}],"curies":[{"name":"wp","href":"https:\/\/api.w.org\/{rel}","templated":true}]}}