{"id":73,"date":"2015-07-06T22:21:21","date_gmt":"2015-07-06T22:21:21","guid":{"rendered":"http:\/\/fsil.fi\/fybil\/?page_id=73"},"modified":"2015-07-06T22:21:21","modified_gmt":"2015-07-06T22:21:21","slug":"volume-14","status":"publish","type":"page","link":"http:\/\/fsil.fi\/fybil\/volume-14\/","title":{"rendered":"Volume 14 (2003)"},"content":{"rendered":"<div class=\"entry-content\">\n<h3>Articles<\/h3>\n<p><strong>Matthew Craven<\/strong><br \/>\nUnity, Diversity and the Fragmentation of International Law | 3<\/p>\n<p><strong>Outi Korhonen<\/strong><br \/>\nThe Problem of Representation and the Iraqi Elections | 35<\/p>\n<p><strong>Inger \u00d6sterdahl<\/strong><br \/>\nRelatively Failed: Troubled Statehood and International Law | 49<\/p>\n<p><strong>Christoph Burchard<\/strong><br \/>\nPuzzles and Solutions: Appreciating Carl Schmitt\u2019s Work on International Law as Answers to the Dilemmas of his Weimar Political Theory | 89<\/p>\n<p><strong>Viljam Engstr\u00f6m<\/strong><br \/>\nImplied Powers of International Organizations: On the Character of a Legal Doctrine | 129<\/p>\n<p><strong>Samuel de Jaegere<\/strong><br \/>\nThe \u2018Belgian Thesis\u2019 Revisited: United Nations Member States\u2019 Obligation to Develop Autonomy for Indigenous Peoples | 159<\/p>\n<p><strong>Tuula Kolari<\/strong><br \/>\nConstructing Non-Compliance Systems into International Environmental Agreements: A Rise of Enforcement Doctrine with Credible Sanctions Needed? | 205<\/p>\n<p><strong>Tapio Puurunen<\/strong><br \/>\nInternational Online Dispute Resolution: Caveats to Privatizing Justice | 233<\/p>\n<p><strong>James Summers<\/strong><br \/>\nThe Status of Self-determination in International Law: A Question of Legal Significance or Political Importance? | 271<\/p>\n<p><strong>Michel B\u00e9niard<\/strong><br \/>\nLa m\u00e9diation officieuse: la specificit\u00e9 des bons offices dans la gamme des proc\u00e9dures non juridictionelles de r\u00e8glement pacifique des diff\u00e9rends | 295<\/p>\n<p><strong>Timo Koivurova<\/strong><br \/>\nThe Importance of International Environmental Law in the Arctic | 341<\/p>\n<h3>Book Reviews &amp; Review Articles<\/h3>\n<p>Jan Klabbers, <em>An Introduction to International Institutional Law<\/em> (<strong>Viljam Engstr\u00f6m<\/strong>) | 355<\/p>\n<p>Karen Knop, <em>Diversity and Self-determination in International Law<\/em> (<strong>James Summer<\/strong>) | 358<\/p>\n<p>Kimmo Nuotio (ed.), <em>Europe in Search of Meaning and Purpose<\/em> (<strong>Tobias Br\u00e4utigam<\/strong>) | 365<\/p>\n<p>Michael Freeman, <em>Human Righs: An Interdisciplinary Approach<\/em> (<strong>Miia Halme<\/strong>) | 369<\/p>\n<\/div>\n","protected":false},"excerpt":{"rendered":"<p>Articles Matthew Craven Unity, Diversity and the Fragmentation of International Law | 3 Outi Korhonen The Problem of Representation and the Iraqi Elections | 35 Inger \u00d6sterdahl Relatively Failed: Troubled Statehood and International Law | 49 Christoph Burchard Puzzles and Solutions: Appreciating Carl Schmitt\u2019s Work on International Law as Answers to the Dilemmas of his &hellip; <a href=\"http:\/\/fsil.fi\/fybil\/volume-14\/\" class=\"more-link\">Continue reading<span class=\"screen-reader-text\"> &#8220;Volume 14 (2003)&#8221;<\/span><\/a><\/p>\n","protected":false},"author":3,"featured_media":0,"parent":0,"menu_order":0,"comment_status":"closed","ping_status":"open","template":"","meta":{"footnotes":""},"class_list":["post-73","page","type-page","status-publish","hentry"],"_links":{"self":[{"href":"http:\/\/fsil.fi\/fybil\/wp-json\/wp\/v2\/pages\/73","targetHints":{"allow":["GET"]}}],"collection":[{"href":"http:\/\/fsil.fi\/fybil\/wp-json\/wp\/v2\/pages"}],"about":[{"href":"http:\/\/fsil.fi\/fybil\/wp-json\/wp\/v2\/types\/page"}],"author":[{"embeddable":true,"href":"http:\/\/fsil.fi\/fybil\/wp-json\/wp\/v2\/users\/3"}],"replies":[{"embeddable":true,"href":"http:\/\/fsil.fi\/fybil\/wp-json\/wp\/v2\/comments?post=73"}],"version-history":[{"count":0,"href":"http:\/\/fsil.fi\/fybil\/wp-json\/wp\/v2\/pages\/73\/revisions"}],"wp:attachment":[{"href":"http:\/\/fsil.fi\/fybil\/wp-json\/wp\/v2\/media?parent=73"}],"curies":[{"name":"wp","href":"https:\/\/api.w.org\/{rel}","templated":true}]}}

<div class="entry-content">
<h3>Articles</h3>
<p><strong>Matthew Craven</strong><br />
Unity, Diversity and the Fragmentation of International Law | 3</p>
<p><strong>Outi Korhonen</strong><br />
The Problem of Representation and the Iraqi Elections | 35</p>
<p><strong>Inger Österdahl</strong><br />
Relatively Failed: Troubled Statehood and International Law | 49</p>
<p><strong>Christoph Burchard</strong><br />
Puzzles and Solutions: Appreciating Carl Schmitt’s Work on International Law as Answers to the Dilemmas of his Weimar Political Theory | 89</p>
<p><strong>Viljam Engström</strong><br />
Implied Powers of International Organizations: On the Character of a Legal Doctrine | 129</p>
<p><strong>Samuel de Jaegere</strong><br />
The ‘Belgian Thesis’ Revisited: United Nations Member States’ Obligation to Develop Autonomy for Indigenous Peoples | 159</p>
<p><strong>Tuula Kolari</strong><br />
Constructing Non-Compliance Systems into International Environmental Agreements: A Rise of Enforcement Doctrine with Credible Sanctions Needed? | 205</p>
<p><strong>Tapio Puurunen</strong><br />
International Online Dispute Resolution: Caveats to Privatizing Justice | 233</p>
<p><strong>James Summers</strong><br />
The Status of Self-determination in International Law: A Question of Legal Significance or Political Importance? | 271</p>
<p><strong>Michel Béniard</strong><br />
La médiation officieuse: la specificité des bons offices dans la gamme des procédures non juridictionelles de règlement pacifique des différends | 295</p>
<p><strong>Timo Koivurova</strong><br />
The Importance of International Environmental Law in the Arctic | 341</p>
<h3>Book Reviews &amp; Review Articles</h3>
<p>Jan Klabbers, <em>An Introduction to International Institutional Law</em> (<strong>Viljam Engström</strong>) | 355</p>
<p>Karen Knop, <em>Diversity and Self-determination in International Law</em> (<strong>James Summer</strong>) | 358</p>
<p>Kimmo Nuotio (ed.), <em>Europe in Search of Meaning and Purpose</em> (<strong>Tobias Bräutigam</strong>) | 365</p>
<p>Michael Freeman, <em>Human Righs: An Interdisciplinary Approach</em> (<strong>Miia Halme</strong>) | 369</p>
</div>

<p>Articles Matthew Craven Unity, Diversity and the Fragmentation of International Law | 3 Outi Korhonen The Problem of Representation and the Iraqi Elections | 35 Inger Österdahl Relatively Failed: Troubled Statehood and International Law | 49 Christoph Burchard Puzzles and Solutions: Appreciating Carl Schmitt’s Work on International Law as Answers to the Dilemmas of his &hellip; <a href="http://fsil.fi/fybil/volume-14/" class="more-link">Continue reading<span class="screen-reader-text"> &#8220;Volume 14 (2003)&#8221;</span></a></p>
