{"id":87,"date":"2015-07-06T22:56:59","date_gmt":"2015-07-06T22:56:59","guid":{"rendered":"http:\/\/fsil.fi\/fybil\/?page_id=87"},"modified":"2015-07-06T22:56:59","modified_gmt":"2015-07-06T22:56:59","slug":"volume-9","status":"publish","type":"page","link":"http:\/\/fsil.fi\/fybil\/volume-9\/","title":{"rendered":"Volume 9 (1998)"},"content":{"rendered":"<div class=\"entry-content\">\n<h3>Special Section \u2014 Selected Proceedings from the \u201cSymposium on Global Goverance, United Nations and the Role of International Law\u201d, Helsinki, 27\u201329 August 1998<\/h3>\n<h4>Opening Session<\/h4>\n<p>Speech by the President of the Republic of Finland <strong>Martti Ahtisaari<\/strong> at the Opening Session of the Symposium | 5<\/p>\n<h4>The First Session<\/h4>\n<p><strong>James Crawford<\/strong><br \/>\nProspects for the Codification and Development of Internatinal Law by the United Nations | 9<\/p>\n<p><strong>David Kennedy<\/strong><br \/>\nPutting the Politics Back in International Politics | 17<\/p>\n<h4>The Second Session<\/h4>\n<p><strong>Thomas M. Franck<\/strong><br \/>\nIs Collective Security through the U.N. Still Feasible? | 29<\/p>\n<p><strong>Hilary Charlesworth<\/strong><br \/>\nThe Inadequacy of \u2018Collective Security\u2019 | 39<\/p>\n<p><strong>Dick A. Leurdijk<\/strong><br \/>\nIs Collective Security through the UN Still Feasible? | 47<\/p>\n<h4>The Third Session<\/h4>\n<p><strong>Benjamin Bassin<\/strong><br \/>\nReform of the Economic and Social Aspects of the UN System | 55<\/p>\n<p><strong>Bruno Simma<\/strong><br \/>\nGlobal Governance, UN Reform and the Place of Law | 61<\/p>\n<p><strong>Yanping Gao<\/strong><br \/>\nThe Future Role of Some International Judicial Bodies | 67<\/p>\n<p><strong>Susan Marks<\/strong><br \/>\nDemocratic Celebration, Democratic Melancholy | 73<\/p>\n<h4>The Fourth Session<\/h4>\n<p><strong>Anthony Aust<\/strong><br \/>\nThe Future of the Judicial Function | 81<\/p>\n<h3>Eero J. Manner <em>In Memoriam<\/em><\/h3>\n<p>Eero J. Manner as a Lawyer (<strong>Kari Hakap\u00e4\u00e4 &amp; Martti Mets\u00e4lampi<\/strong>) | 87<\/p>\n<p>Eero J. Manner as a Friend (<strong>Shabthai Rosenne<\/strong>) | 89<\/p>\n<p><em>In Memoriam<\/em> Judge Eero J. Manner (<strong>Kari T. Takamaa<\/strong>) | 91<\/p>\n<h3>Articles<\/h3>\n<p><strong>Malcolm Dando<\/strong><br \/>\nThe Negotiation of a Verification Protocol to the Biological and Toxin Weapons Convention: January 1995\u2013December 1998 | 95<\/p>\n<p><strong>Thomas D. Grant<\/strong><br \/>\nA Panel of Experts for Chechnya: Purposes and Prospects in Light in International Law | 145<\/p>\n<p><strong>Tarja L\u00e5ngstr\u00f6m<\/strong><br \/>\n\u2018War Trophies\u2019 from World War II in Russia: Robbery or Restitution? | 249<\/p>\n<p><strong>Tapio Puurunen<\/strong><br \/>\nThe Committee on Amnesty of the South African Truth and Reconsiliation Commission: A New Model for Conflict Resolution | 297<\/p>\n<p><strong>Elina Kalkku<\/strong><br \/>\nThe United Nations Authorisation to Peace Enforcement with the Use of Armed Forces in the Light of the Practice of the Security Council | 349<\/p>\n<h3>Shorter Articles, Notes and Comments<\/h3>\n<p><strong>Cornelio Sommaruga<\/strong><br \/>\nInternational Humanitarian Law: Even Wars Have Limits | 407<\/p>\n<p><strong>Kai Ambros<\/strong><br \/>\nThe International Criminal Court and the Traditional Principles of International Cooperation in Criminal Matters | 413<\/p>\n<p><strong>Sven-U. Burkhardt<\/strong><br \/>\nThe ICTY Approach Towards International and Internal Armed Conflicts | 427<\/p>\n<p><strong>Jutta Numminen<\/strong><br \/>\nViolence \u00e0 l\u2019\u00c9gard des Femmes en Situation de Conflit arm\u00e9 | 453<\/p>\n<p><strong>Jan Klabbers<\/strong><br \/>\nOn Cognac and Cigars: A Plea for Good Old-fashioned Diplomacy | 475<\/p>\n<p><strong>Satu Heikkil\u00e4<\/strong><br \/>\nProhibition of the Retroactive Application of Legislative Measures in the European Community Law | 483<\/p>\n<h3>Book Reviews, Responses and Discussion<\/h3>\n<p>Should Normativity Be Our Only Concern? (<strong>Sia Spiliopoulou \u00c5kermark<\/strong>) | 505<\/p>\n<p>A Response to a Book Review (<strong>Maurizio Ragazzi<\/strong>) | 509<\/p>\n<p>A Rejoinder to Maurizio Ragazzi (<strong>Jan Klabbers<\/strong>) | 510<\/p>\n<h3>The Legal Developments in Finland and State Practice<\/h3>\n<p><strong>Leo Liukkonen, Kari T. Takamaa &amp; Maija Karvinen<\/strong><br \/>\nThe Finnish Practice on International Conventions, Treaties and Agreements | 511<\/p>\n<p><strong>Jukka Lindstedt<\/strong><br \/>\nCapital Punishment in Finland During World War II | 561<\/p>\n<p>Abbreviations | 569<\/p>\n<p>Acknowledgements | 575<\/p>\n<\/div>\n","protected":false},"excerpt":{"rendered":"<p>Special Section \u2014 Selected Proceedings from the \u201cSymposium on Global Goverance, United Nations and the Role of International Law\u201d, Helsinki, 27\u201329 August 1998 Opening Session Speech by the President of the Republic of Finland Martti Ahtisaari at the Opening Session of the Symposium | 5 The First Session James Crawford Prospects for the Codification and &hellip; <a href=\"http:\/\/fsil.fi\/fybil\/volume-9\/\" class=\"more-link\">Continue reading<span class=\"screen-reader-text\"> &#8220;Volume 9 (1998)&#8221;<\/span><\/a><\/p>\n","protected":false},"author":3,"featured_media":0,"parent":0,"menu_order":0,"comment_status":"closed","ping_status":"open","template":"","meta":{"footnotes":""},"class_list":["post-87","page","type-page","status-publish","hentry"],"_links":{"self":[{"href":"http:\/\/fsil.fi\/fybil\/wp-json\/wp\/v2\/pages\/87","targetHints":{"allow":["GET"]}}],"collection":[{"href":"http:\/\/fsil.fi\/fybil\/wp-json\/wp\/v2\/pages"}],"about":[{"href":"http:\/\/fsil.fi\/fybil\/wp-json\/wp\/v2\/types\/page"}],"author":[{"embeddable":true,"href":"http:\/\/fsil.fi\/fybil\/wp-json\/wp\/v2\/users\/3"}],"replies":[{"embeddable":true,"href":"http:\/\/fsil.fi\/fybil\/wp-json\/wp\/v2\/comments?post=87"}],"version-history":[{"count":0,"href":"http:\/\/fsil.fi\/fybil\/wp-json\/wp\/v2\/pages\/87\/revisions"}],"wp:attachment":[{"href":"http:\/\/fsil.fi\/fybil\/wp-json\/wp\/v2\/media?parent=87"}],"curies":[{"name":"wp","href":"https:\/\/api.w.org\/{rel}","templated":true}]}}